{"id":96,"date":"2025-02-10T20:40:41","date_gmt":"2025-02-10T20:40:41","guid":{"rendered":"https:\/\/dev.bibliologfestival.de\/?page_id=96"},"modified":"2026-03-15T15:32:46","modified_gmt":"2026-03-15T14:32:46","slug":"hikingchurch","status":"publish","type":"page","link":"https:\/\/bibliologfestival.de\/index.php\/hikingchurch\/","title":{"rendered":"Hikingchurch Ruhr"},"content":{"rendered":"\n<p class=\"wp-block-paragraph\"><strong>Herzlich willkommen auf Hikingchurch-Ruhr.<\/strong><\/p>\n\n\n\n<p class=\"wp-block-paragraph\">Aktueller Termin: <strong>31.Mai 2026 14-18Uhr<\/strong> Infos auf der Terminseite.<\/p>\n\n\n\n<p class=\"wp-block-paragraph\"><strong>Was ist die Hikingchurch?<\/strong><\/p>\n\n\n\n<p class=\"wp-block-paragraph\">Gemeinsam draussen unterwegssein, ein oder zwei Geschichten aus der Bibel, Gespr\u00e4che unterwegs und ein gemeinsames geteiltes Mahl. Sonntags 14-18Uhr im Rahmen der Cityseelsorge am Essener Dom. <\/p>\n\n\n\n<p class=\"wp-block-paragraph\">Entstanden ist diese &#8222;Hikingchurch&#8220;, es gibt auch ein hikingchurch.ch, aus positiven Erfahrungen mit &#8222;Laternenpilgern f\u00fcr Erwachsene&#8220; in Bochum-Linden. Gemeinsam zu Fuss unterwegs sein, Gespr\u00e4che im Gehen, Schweigen im Gehen, kurze Interventionen in Form von Geschichte, Gegenstand, Bibliolog,&#8230;.. <\/p>\n\n\n\n<p class=\"wp-block-paragraph\"><strong>Wie &#8222;geht&#8220; die Hikingchurch-Ruhr?<\/strong><\/p>\n\n\n\n<p class=\"wp-block-paragraph\">Zur besseren Vorbereitung freuen wir uns \u00fcber eine Email \u00fcber Teilnahme, muss aber nicht sein es reicht rechtzeitig am Start zu sein. Bei Angemeldeten Teilnehmenden wissen wir, dass vielleicht noch jemand kommt. Die Wegstecke ist etwa 8km und die ersten 3 Stunden sind f\u00fcr das unterwegssein. Dann kehren wir wie die Emmausj\u00fcnger ein, in der Regel in einem Gemeindesaal, und teilen das Essen was wir gemeinsam mitgebracht haben. Die Cityseelsorge stellt vor Ort noch Getr\u00e4nke. F\u00fcr Unterwegs bitte selber vorsorgen. Bitte die eigenen Wanderf\u00e4higkeiten selber realistisch einsch\u00e4tzen. <\/p>\n\n\n\n<p class=\"wp-block-paragraph\">Herzliche Einladung Burkhard L\u00fccking (Kirchendiener)<\/p>\n\n\n\n<p class=\"wp-block-paragraph\">Das <strong>Bibliologfestival <\/strong>stellt der Initiative Hikingchurch webspace zur Verf\u00fcgung, der langsam gef\u00fcllt wird. Hier ein paar Bilder von einem vergangenen &#8222;Hike&#8220;.<\/p>\n\n\n\n<figure class=\"wp-block-gallery has-nested-images columns-default is-cropped wp-block-gallery-1 is-layout-flex wp-block-gallery-is-layout-flex\">\n<figure class=\"wp-block-image size-medium\"><img loading=\"lazy\" decoding=\"async\" width=\"135\" height=\"300\" data-id=\"172\" src=\"https:\/\/bibliologfestival.de\/wp-content\/uploads\/2025\/05\/1-135x300.jpg\" alt=\"\" class=\"wp-image-172\" srcset=\"https:\/\/bibliologfestival.de\/wp-content\/uploads\/2025\/05\/1-135x300.jpg 135w, https:\/\/bibliologfestival.de\/wp-content\/uploads\/2025\/05\/1-460x1024.jpg 460w, https:\/\/bibliologfestival.de\/wp-content\/uploads\/2025\/05\/1-690x1536.jpg 690w, https:\/\/bibliologfestival.de\/wp-content\/uploads\/2025\/05\/1.jpg 719w\" sizes=\"auto, (max-width: 135px) 100vw, 135px\" \/><\/figure>\n\n\n\n<figure class=\"wp-block-image size-medium\"><img loading=\"lazy\" decoding=\"async\" width=\"135\" height=\"300\" data-id=\"171\" src=\"https:\/\/bibliologfestival.de\/wp-content\/uploads\/2025\/05\/2-135x300.jpg\" alt=\"\" class=\"wp-image-171\" srcset=\"https:\/\/bibliologfestival.de\/wp-content\/uploads\/2025\/05\/2-135x300.jpg 135w, https:\/\/bibliologfestival.de\/wp-content\/uploads\/2025\/05\/2-460x1024.jpg 460w, https:\/\/bibliologfestival.de\/wp-content\/uploads\/2025\/05\/2-690x1536.jpg 690w, https:\/\/bibliologfestival.de\/wp-content\/uploads\/2025\/05\/2.jpg 719w\" sizes=\"auto, (max-width: 135px) 100vw, 135px\" \/><\/figure>\n<\/figure>\n\n\n\n<p class=\"wp-block-paragraph\">F\u00fcr Kontaktaufnahme bitte<a href=\"https:\/\/us21.list-manage.com\/contact-form?u=b0525462a2871966d56ddf02b&amp;form_id=f3acea2383254112391d1e8747b33edf\" data-type=\"link\" data-id=\"https:\/\/us21.list-manage.com\/contact-form?u=b0525462a2871966d56ddf02b&amp;form_id=f3acea2383254112391d1e8747b33edf\"> hier klicken<\/a><\/p>\n","protected":false},"excerpt":{"rendered":"<p>Herzlich willkommen auf Hikingchurch-Ruhr. Aktueller Termin: 31.Mai 2026 14-18Uhr Infos auf der Terminseite. Was ist die Hikingchurch? Gemeinsam draussen unterwegssein, ein oder zwei Geschichten aus&#8230;<\/p>\n<div class=\"more-link-wrapper\"><a class=\"more-link\" href=\"https:\/\/bibliologfestival.de\/index.php\/hikingchurch\/\">Weiterlesen<span class=\"screen-reader-text\">Hikingchurch Ruhr<\/span><\/a><\/div>\n","protected":false},"author":1,"featured_media":0,"parent":0,"menu_order":0,"comment_status":"closed","ping_status":"closed","template":"","meta":{"_crdt_document":"","footnotes":""},"class_list":["post-96","page","type-page","status-publish","hentry","entry"],"_links":{"self":[{"href":"https:\/\/bibliologfestival.de\/index.php\/wp-json\/wp\/v2\/pages\/96","targetHints":{"allow":["GET"]}}],"collection":[{"href":"https:\/\/bibliologfestival.de\/index.php\/wp-json\/wp\/v2\/pages"}],"about":[{"href":"https:\/\/bibliologfestival.de\/index.php\/wp-json\/wp\/v2\/types\/page"}],"author":[{"embeddable":true,"href":"https:\/\/bibliologfestival.de\/index.php\/wp-json\/wp\/v2\/users\/1"}],"replies":[{"embeddable":true,"href":"https:\/\/bibliologfestival.de\/index.php\/wp-json\/wp\/v2\/comments?post=96"}],"version-history":[{"count":7,"href":"https:\/\/bibliologfestival.de\/index.php\/wp-json\/wp\/v2\/pages\/96\/revisions"}],"predecessor-version":[{"id":304,"href":"https:\/\/bibliologfestival.de\/index.php\/wp-json\/wp\/v2\/pages\/96\/revisions\/304"}],"wp:attachment":[{"href":"https:\/\/bibliologfestival.de\/index.php\/wp-json\/wp\/v2\/media?parent=96"}],"curies":[{"name":"wp","href":"https:\/\/api.w.org\/{rel}","templated":true}]}}